to base 16.
e0c7e
What is 2603386 (base 11) in base 4?
101032001112
Convert -54456432 (base 7) to base 11.
-26aa562
What is 3df663 (base 16) in base 5?
2014421041
-852716 (base 9) to base 3
-221202210120
What is -10001100000000 (base 2) in base 11?
-6806
Convert 1268501 (base 9) to base 5.
134221033
Convert b70757 (base 13) to base 15.
599b3a
What is -4010231121 (base 5) in base 8?
-36103437
What is -6440742 (base 10) in base 12?
-21a7346
-502aa (base 11) to base 16
-11f5f
Convert -10129614 (base 10) to base 12.
-3486066
What is -1879485 (base 11) in base 5?
-1303100022
Convert 71763 (base 11) to base 15.
21074
4d48d8 (base 15) to base 7
43354421
Convert -62a0013 (base 11) to base 15.
-e933e7
11210222100 (base 3) to base 7
543150
Convert -537a5 (base 12) to base 6.
-2205125
-a70553 (base 11) to base 7
-20365044
Convert -22011200111211 (base 3) to base 9.
-8150454
Convert -a41215 (base 13) to base 16.
-3a6fdf
What is -10011110120 (base 3) in base 12?
-30080
What is 10433a (base 16) in base 4?
10010030322
-d3b35 (base 15) to base 11
-418a66
3114076 (base 13) to base 11
844a4a6
Convert 143281 (base 10) to base 7.
1134505
Convert 15580 (base 10) to base 11.
10784
What is 13072 (base 14) in base 13?
18380
Convert 213471 (base 10) to base 8.
640737
What is 1112011000100 (base 3) in base 15?
10eea3
What is -1802358 (base 11) in base 6?
-145352453
Convert 1000023 (base 6) to base 12.
23013
What is -10404442 (base 5) in base 13?
-326c0
-102311443 (base 5) to base 13
-1218c3
Convert 1401042 (base 7) to base 3.
100102010010
What is 106239 (base 11) in base 14?
459c5
What is 3ab23 (base 13) in base 12?
53485
Convert 4f853 (base 16) to base 3.
121112210112
3276781 (base 9) to base 16
1ae822
Convert 12431303 (base 5) to base 15.
26ad8
Convert -5c1d6a (base 14) to base 8.
-14023052
Convert 641c2 (base 14) to base 6.
5103342
-23542555 (base 6) to base 5
-142311201
What is 1102121303 (base 4) in base 7?
2604014
What is 110000122200 (base 3) in base 14?
62373
Convert 2d665b (base 16) to base 14.
576431
What is 31146 (base 11) in base 8?
130561
What is -cb732 (base 14) in base 10?
-492592
What is -246564 (base 7) in base 13?
-17982
-2033250 (base 6) to base 8
-277236
What is -201222221120 (base 3) in base 8?
-1400625
Convert 220210200 (base 4) to base 15.
34386
251227 (base 8) to base 14
23835
What is -563b0 (base 12) in base 10?
-114612
133427 (base 14) to base 4
2201221223
Convert -243554205 (base 6) to base 11.
-26a7082
Convert -2197d (base 14) to base 12.
-3b177
-16883 (base 16) to base 7
-533033
-5113a5 (base 11) to base 5
-202243310
Convert 110100110010100101111000 (base 2) to base 12.
4774620
-110100002002001 (base 3) to base 2
-11001000000100100110000
What is -11412230 (base 5) in base 12?
-52046
What is -632483 (base 9) in base 13?
-1020b4
What is 21ca3 (base 13) in base 6?
1152344
Convert 1420b3 (base 12) to base 2.
1010001111000000111
Convert -374473 (base 8) to base 10.
-129339
Convert e39eb (base 15) to base 10.
721121
What is 1b10c (base 16) in base 5?
12021420
Convert 1130593 (base 14) to base 4.
133031332211
Convert 5a407 (base 14) to base 8.
656227
What is 58088 (base 11) in base 3?
11021011020
What is -11121011000 (base 3) in base 13?
-3226b
13334641 (base 7) to base 13
343663
What is 10446604 (base 8) in base 14?
4273a4
What is -3431134012 (base 5) in base 7?
-122154016
-1406410 (base 9) to base 10
-772344
-203340040 (base 5) to base 4
-3031011110
-401441 (base 8) to base 9
-220805
What is 120202100222 (base 3) in base 4?
1023231032
-2a114 (base 15) to base 10
-135244
1ef1de (base 16) to base 9
3730801
Convert 4756238 (base 10) to base 13.
ca6b56
What is 65023103 (base 7) in base 3?
101102020010022
Convert 11230212003 (base 4) to base 10.
1493379
What is -4b0664 (base 12) in base 7?
-13256401
What is 30000230123 (base 4) in base 5?
1301223241
1101111110001010111 (base 2) to base 16
6fc57
What is -18960 (base 13) in base 3?
-2102111000
Convert -2120231201 (base 4) to base 7.
-5213426
6110055 (base 7) to base 9
1324633
-101101120121021 (base 3) to base 10
-5522614
-20001030 (base 5) to base 2
-100110001011100110
-46a20 (base 14) to base 8
-520124
What is 2110301323 (base 4) in base 3?
1010221221111
Convert -203133223022 (base 4) to base 5.
-4340223103
What is -498bb (base 16) in base 8?
-1114273
What is -224611 (base 10) in base 4?
-312311203
What is 10550213 (base 6) in base 2?
1001111011100000001
aba95 (base 12) to base 16
37a51
Convert 12113112300 (base 4) to base 16.
1975b0
What is 1101000101100001101 (base 2) in base 6?
13105125
Convert -24bb279 (base 13) to base 8.
-53621076
What is 7a1619 (base 13) in base 3?
12102201110001
What is -4a7383 (base 13) in base 14?
-34722b
131302100 (base 4) to base 11
8372a
What is 71369 (base 11) in base 15?
20d56
-14351034 (base 7) to base 4
-11023102011
Convert -3250371 (base 9) to base 10.
-1745533
What is 10001011101011100001 (base 2) in base 13?
17054c
What is -405425 (base 6) in base 14?
-bb05
Convert 275017 (base 9) to base 13.
5b42c
Convert -1321520 (base 9) to base 3.
-1100201120200
What is -3961a5 (base 11) in base 3?
-1011122210102
What is 2873340 (base 9) in base 8?
6025063
Convert 1361648 (base 12) to base 9.
7232262
42235050 (base 7) to base 2
1101101000000101000101
What is -1100100011011111 (base 2) in base 10?
-51423
30478 (base 9) to base 15
5e38
What is -19551 (base 10) in base 13?
-8b8c
What is -250b49 (base 12) in base 10?
-602985
-3043722 (base 8) to base 7
-6561260
Convert 222001020201111 (base 3) to base 4.
310303122001
Convert 11101001011101001100 (base 2) to base 14.
1ac6a8
-220302222201 (base 4) to base 10
-10693281
Convert 164800 (base 9) to base 8.
307133
What is 1333521 (base 6) in base 3?
10210111011
441523440 (base 6) to base 15
a68bbc
13303542 (base 6) to base 11
283715
Convert 13100311 (base 4) to base 11.
20395
Convert -9702 (base 11) to base 3.
-122121010
Convert -423413 (base 5) to base 10.
-14233
276901 (base 11) to base 14
b4081
What is 6047415 (base 8) in base 14?
2d680d
Convert -20254201 (base 6) to base 16.
-8e4b9
What is -385221 (base 9) in base 10?
-233461
Convert 120230103 (base 4) to base 7.
600603
-3c79fd (base 16) to base 13
-a8a001
Convert 43112034 (base 5) to base 6.
11442214
Convert -224020 (base 5) to base 2.
-1111101001010
Convert -85408 (base 11) to base 10.
-124275
-1000010011110101111010 (base 2) to base 3
-11002200020110
381526 (base 10) to base 8
1351126
-85555 (base 10) to base 4
-110320303
Convert -a156b (base 13) to base 6.
-10104433
Convert -81707a (base 11) to base 3.
-2110200100101
1902b62 (base 12) to base 2
10011111100111111111010
What is -106213 (base 9) in base 16?
-f86d
Convert 10000100101000100 (base 2) to base 6.
1242220
Convert 135609a (base 11) to base 16.
23a50e
What is -1a13a44 (base 12) in base 8?
-24771424
Convert -86835 (base 10) to base 9.
-142103
Convert 579009 (base 11) to base 16.
e08b2
47087 (base 12) to base 7
544246
Convert -133034124 (base 5) to base 6.
-22241413
What is 557318 (base 9) in base 8?
1213145
-10101112222000 (base 3) to base 10
-1802061
Convert -2ace40 (base 15) to base 5.
-1012144320
What is -31980 (base 16) in base 4?
-301212000
What is 102010201121 (base 3) in base 6?
4410541
33210302010 (base 4) to base 14
783ca0
Convert -113220103 (base 5) to base 7.
-4306141
-35417 (base 11) to base 14
-14888
What is 2003231 (base 6) in base 15?
1cd01
-4b7869 (base 14) to base 7
-31024562
Convert -103502105 (base 6) to base 3.
-10111102222112
What is 24b4d (base 16) in base 12?
73011
200010200100 (base 4) to base 13
19847b8
What is -6d67a (base 15) in base 2?
-1010101001110100010
-31012441 (base 6) to base 7
-10356655
Convert -31023604 (base 7) to base 12.
-a51487
Convert -133511 (base 6) to base 2.
-11000011010011
What is -14a1aaa (base 11) in base 5?
-1124033321
What is 17bbd7 (base 15) in base 8?
4315020
What is -1111110000000011110 (base 2) in base 8?
-1760036
What is 223927 (base 13) in base 16?
c53ad
-67741 (base 14) to base 13
-8a3cc
What is -1113222 (base 6) in base 7?
-323420
-11301a9 (base 13) to base 9
-10843364
Convert -15223323 (base 6) to base 5.
-114012011
302210003 (base 4) to base 12
9ba2b
What is 310682 (base 9) in base 13?
65b46
What is 3ad54b (base 15) in base 12?
b454b2
Convert 3331121 (base 5) t